(c).
-4
Let z(p) = p**2 + 2*p - 4. Let j(a) = a**2 + 2*a + 1. Let k be j(-1). Let h(v) = v**2 - v - 4. Let s be h(k). Give z(s).
4
Suppose 6 = 3*h - 3*z - 9, z = -5*h + 13. Let x(f) = 2*f**2 + 7*f - 11*f + f + f**3 - h. Suppose -4*s + 5*s = 5*v + 5, 2*s + 18 = -4*v. Determine x(v).
3
Let b(h) be the second derivative of -h**3/6 - 2*h. Let a be b(-1). Let i(z) = -5*z + 1. Determine i(a).
-4
Let p(y) = -9*y + 13. Let k(q) = -5*q + 7. Let b(l) = -11*k(l) + 6*p(l). Let z be 2*((-5)/2 - -2). Determine b(z).
0
Let x(m) = -6*m**3 + 29 - 3 + 7*m**3. Calculate x(0).
26
Let b(w) = w**2 + 7*w - 9. Let h = 48 + -55. Determine b(h).
-9
Let p(k) = 1. Let f(g) = -g**2 - g + 4. Let h(j) = f(j) - 6*p(j). Determine h(0).
-2
Suppose -9 = -3*l - x + 4*x, -l = -3*x - 13. Let q(p) = 2*p + 3. Determine q(l).
-1
Let q(x) be the first derivative of x**5/120 + x**4/6 - x**3/3 - 1. Let t(p) be the third derivative of q(p). Let o = 5 + -2. Determine t(o).
7
Let g(f) = f - 1. Suppose -x - 3*x = -80. Suppose k + 2*i - x = 3*k, 2*i = 4*k + 30. What is g(k)?
-6
Let f(u) = -2*u**3 + 11*u**2 - 6*u + 11. Let r be f(5). Let z(y) = -y**3 + 5*y**2 + 9*y - 9. Calculate z(r).
9
Let i(m) = -m**2 + 3*m - 2. Suppose -3 = 6*g - 7*g. Calculate i(g).
-2
Let q(a) be the second derivative of -a**6/720 + a**5/20 + a**4/4 + 3*a. Let o(w) be the third derivative of q(w). What is o(0)?
6
Suppose -4*k = 5*y - 25, 2*y = -2*k - 3*y + 25. Suppose -b + 6 = -3*v, 2*b = -k*b - 5*v + 1. Let r(t) = t**2 + 1 + 0 + 8*t - 9*t. What is r(b)?
7
Let i(g) = 9 - g**3 - 10 + 0*g**3 + 2*g**2 - 3*g**2. Suppose 2*h + 0*h = 4. Suppose h*d = -j + 6, -2*j + 16 = -0*d + 5*d. Give i(j).
3
Let v(d) be the third derivative of d**6/360 - d**5/120 - d**3/2 - 3*d**2. Let r(f) be the first derivative of v(f). Let q be ((-3)/2)/((-2)/4). Determine r(q).
6
Let c(g) = 5*g**2 - 2*g. Suppose -5*n + 6 = -2*n. Calculate c(n).
16
Let z = -60 - -64. Let s(u) = -u + 3. Calculate s(z).
-1
Let k(a) be the first derivative of -8*a**3/3 - a**2/2 + 7. Determine k(-1).
-7
Let u(a) = -a**3 + 5*a**2 - 5*a + 3. Suppose 0*z - 4*z = -40. Let r = -6 + z. Determine u(r).
-1
Let d(h) = h**2 - 2. Suppose 4*k + 11 + 1 = 0. Let u be 13 + (-2)/3*k. Suppose 2*w = -i - 0*w + 6, u = 2*i + 5*w. Determine d(i).
-2
Let r(m) = 13*m**3 + 1. Let s = -12 - -13. Suppose 2 = v + s. What is r(v)?
14
Let t(k) be the second derivative of k**5/60 + k**4/6 + k**3/6 + k**2 - k. Let d(q) be the first derivative of t(q). Suppose 4 = -4*i - 16. Give d(i).
6
Let z(o) be the third derivative of o**8/6720 + o**7/840 - o**6/144 + o**5/40 - o**4/8 - 3*o**2. Let i(b) be the second derivative of z(b). What is i(-4)?
7
Let p(v) = -v + 11. Suppose 7*h - 29 = 2*h + 3*g, 10 = 4*h + 2*g. Suppose -3*k = b + 6, b = -b + 2*k + h. Determine p(b).
11
Let d = 4 - -8. Let v = d - 17. Let b(k) = k**3 + 5*k**2 + 2*k + 6. Calculate b(v).
-4
Let u(t) = 28*t. Let h(x) = -x. Let w(b) = -21*h(b) - u(b). Suppose 3*s - 3*p - 2 = -s, 2*p + 1 = 3*s. What is w(s)?
7
Suppose -2*m + 0*m + 8 = 0. Let a(y) = 3 - y + m*y + 3*y**2 + y. Calculate a(-2).
7
Let u(t) be the third derivative of t**4/24 + 3*t**3/2 + 2*t**2. Suppose -8 = 3*x + 5*r, -8*x + 4*x - 2*r = 20. Give u(x).
3
Let j(k) be the second derivative of k**3/6 - k**2/2 - 2*k + 3. Suppose 4*q - 3*q = -3. Calculate j(q).
-4
Let i be (-36)/60 - 34/10. Suppose -2*v = -v - 2. Let a(d) = -2 - 3*d - 1 - d**3 + 4 - 5*d**v. Give a(i).
-3
Suppose 105 - 20 = 5*k. Suppose -3*d + k - 2 = 0. Let z(a) = -a**3 + 6*a**2 - 4*a - 6. Give z(d).
-1
Let p(w) = -3*w**2 - 5*w + 6 + w**3 - 3*w + 2*w. Let g(d) = -d**2 + 4*d + 4. Let o be g(4). Calculate p(o).
-2
Let l(m) = -2*m**2 - 15*m**2 + 27*m**2. Suppose -4*w + 7 - 3 = 0. What is l(w)?
10
Let f(l) = 4*l + 0*l - 5*l. What is f(-1)?
1
Let g be -6*(3/(-2))/3. Let n(u) = g + 0 - 1 - u**2 - 1. Determine n(2).
-3
Let n(m) = -m**2 + 2 - 135*m + 135*m. Determine n(-3).
-7
Let o be (-6)/(-4)*(-8)/(-3). Let g(s) = -s + 1. Let r(x) = 3*x - 2. Let l(b) = o*g(b) + r(b). Let y = -5 + 3. What is l(y)?
4
Let i(o) = -4*o**2 + 2*o + 1. Suppose -j - 3*j = 4. Give i(j).
-5
Let c(v) be the second derivative of 0 - 1/8*v**4 - 1/6*v**3 + 3*v + v**2. Let r(b) be the first derivative of c(b). Give r(1).
-4
Let c be (-2)/(-11) - 36/198. Let x(p) be the first derivative of -1 - 4/3*p**3 + c*p**2 - p. What is x(-1)?
-5
Let v(j) be the first derivative of 9*j**4/4 - j**2 - j - 16. Determine v(-1).
-8
Let q(n) = n**3 - 4*n**2 + n - 2. Let x be q(4). Let c(h) be the first derivative of -2*h**3/3 + h**2 + 22. Calculate c(x).
-4
Let q(g) = -4*g + 44. Let w be q(11). Let x(p) = -2*p**2 + p + 2*p**2 - p**3. Give x(w).
0
Let o(l) = -8*l + 50. Let i be o(6). Let v(x) be the first derivative of -1/2*x**2 + i + 0*x - 3/4*x**4 + 0*x**3. Give v(1).
-4
Let g(o) = 2 - 4*o**2 - 3 + 5*o**2 + 2*o. Calculate g(-2).
-1
Let k(z) = -z**3 + 2*z**2 + 10*z - 5. Let y be k(4). Let w(t) = 5 + 2 - 2 - 2*t + y*t. Determine w(6).
11
Suppose 12 = 3*r, -r = -3*n - 0*n + 8. Let k(p) = -2*p - 4. Determine k(n).
-12
Let w be (-52)/(-14) - (-20)/70. Suppose 2*b = b - w. Let r(x) = -x**3 - 4*x**2 + x + 4. Calculate r(b).
0
Let y(x) = x + 3. Suppose 3*w = 3*n + 45, 0 = -3*n - 0*w - 2*w - 35. Let g = -9 - n. Determine y(g).
7
Suppose 0 = -4*w - w - 10. Let y(j) be the third derivative of j**6/120 + j**5/30 - j**3/6 + 2*j**2. Let h be y(w). Let c(z) = -6*z**2 - 2*z - 1. Give c(h).
-5
Let z(v) = -v**3 + 7*v**2 + 4*v - 32. Let h be z(7). Let i(g) = g + 6. Give i(h).
2
Suppose -41 = -10*n + 19. Let g(k) = -k**3 + 6*k**2 - 3*k - 3. Let h be g(5). Let l = n - h. Let y(p) = -2*p**2 - p. What is y(l)?
-1
Let a(l) = -3*l. Let z be (-9)/27 + (-8)/12. Calculate a(z).
3
Let d(a) = a**3 - 5*a**2 + 6*a - 6. Let v be d(4). Let k(u) = 0*u**2 - 3*u**v + u**3 + u**2. Let i(c) = c + 1. Let g be i(1). Give k(g).
0
Let w = -1 + 9. Let m(v) = w*v + 2 + 4 - 4*v - v. Let k = -6 - -2. Determine m(k).
-6
Let z(j) be the third derivative of -1/6*j**3 + 0*j + 1/24*j**4 + 0 + j**2. Determine z(0).
-1
Let o(c) = -8 - 9 + 26 + c. Calculate o(-7).
2
Suppose 20 = -2*q + 5*r, -2*q + q + 2*r - 9 = 0. Let g(m) = -2*m**3 + 5*m**2. Let i(k) = 3*k**3 - 5*k**2 + 1. Let u(x) = 4*g(x) + 3*i(x). Give u(q).
3
Let n(s) be the second derivative of s**4/8 - s**3/6 - 5*s**2/2 + 5*s. Let j(z) be the first derivative of n(z). Give j(-1).
-4
Let o(r) = 4*r**3 + 10*r**2 + r - 4. Let n(b) = -7*b**3 - 19*b**2 - 3*b + 8. Let g(h) = 3*n(h) + 5*o(h). What is g(-6)?
-8
Let n(c) = -6*c**2 + 1. Let s(m) = -m**2 - 22*m + 1. Let w be s(-22). Give n(w).
-5
Let o be (-17)/((-51)/(-18)) + 1. Let d(u) = -u**2 - u. Let c(q) = -q**3 - 5. Let p(v) = -c(v) - 6*d(v). Calculate p(o).
0
Suppose 5 = 2*t - 1. Suppose -3 = 2*c - 5. Let n(l) = l**2 - 5*l + 4 + 0 - c. What is n(t)?
-3
Suppose 0 = -2*i + 6*i - 8. Suppose 6 = -x - i*x. Let f(g) = -6*g - 3. Calculate f(x).
9
Let a(l) = -l**3 - 3*l**2 + 6*l + 3. Suppose -h = h - 84. Suppose 4*t - 2*y + 4 = h, 5*t + 4*y - 67 = 0. Let k = 7 - t. Give a(k).
-5
Let b(m) = -3*m + 3*m**2 + 0 + 1 - m**2. What is b(2)?
3
Let h(x) = -x**3 + x**2 - x. Let w(k) = 8*k**2 - 2*k + 1. Let i be w(1). Let l be i/28 - 6/(-8). Determine h(l).
-1
Let t = -8 - -11. Suppose -5*n = 3*g - n - 19, 5*n = 20. Let r be g + -2*t/6. Let o(m) = m + 1. Give o(r).
1
Let l(b) be the second derivative of -b**4/12 - 2*b**3/3 + 3*b**2/2 + 16*b. Let u(h) = -h. Let k be u(5). Give l(k).
-2
Let q(n) be the first derivative of 1 + 0*n + 1/3*n**3 + 1/2*n**2. Let o(g) = -7*g**2 - 8*g - 3. Let u(v) = o(v) + 6*q(v). What is u(-2)?
-3
Let q(n) be the second derivative of n**5/20 + n**4/12 - n**3/2 + n**2 - n. Let x(d) = d**2 + 6*d + 2. Let u be x(-5). Let f = 5 + u. What is q(f)?
8
Let m(a) = a**3 - 9*a**2 - 8*a - 7. Let u(j) = 5*j**3 - 37*j**2 - 32*j - 28. Suppose -2*p = -4*p + 4. Let b(t) = p*u(t) - 9*m(t). Determine b(-6).
-5
Let j(y) = -8 - 4 - 4 - 2*y + 20 - 2*y**2. What is j(-3)?
-8
Let m(j) = 3*j - 23. Let k(f) = f - 11. Let q(g) = -9*k(g) + 4*m(g). Calculate q(-6).
-11
Let q(x) = -2*x**2 - 7*x + 1. Let l be ((-3)/(-6))/((-1)/2). Let r(k) = k**2 + k. Let o(z) = l*q(z) - 5*r(z). Determine o(2).
-9
Let w be (-5 + 4)*2/2. Let i(n) = -5*n - 1. Determine i(w).
4
Let a(x) = -21*x**2 - 9*x + 2. Let c(f) = 10*f**2 + 4*f - 1. Let p(s) = 6*a(s) + 13*c(s). Calc